vided by 238.
236
What is the remainder when 260 is divided by 85?
5
What is the remainder when 20788 is divided by 135?
133
What is the remainder when 727 is divided by 27?
25
Calculate the remainder when 148 is divided by 25.
23
What is the remainder when 136 is divided by 47?
42
Calculate the remainder when 348 is divided by 29.
0
Calculate the remainder when 258 is divided by 47.
23
Calculate the remainder when 82 is divided by 14.
12
Calculate the remainder when 27 is divided by 15.
12
Calculate the remainder when 531 is divided by 65.
11
What is the remainder when 108 is divided by 30?
18
Calculate the remainder when 39 is divided by 12.
3
What is the remainder when 2341 is divided by 210?
31
What is the remainder when 70 is divided by 12?
10
What is the remainder when 10 is divided by 2?
0
Calculate the remainder when 817 is divided by 24.
1
What is the remainder when 3365 is divided by 34?
33
What is the remainder when 330 is divided by 10?
0
What is the remainder when 246 is divided by 106?
34
What is the remainder when 248 is divided by 37?
26
Calculate the remainder when 243 is divided by 106.
31
What is the remainder when 502 is divided by 12?
10
What is the remainder when 1037 is divided by 20?
17
What is the remainder when 448 is divided by 41?
38
Calculate the remainder when 281 is divided by 36.
29
What is the remainder when 864 is divided by 7?
3
Calculate the remainder when 30 is divided by 11.
8
Calculate the remainder when 143 is divided by 22.
11
Calculate the remainder when 275 is divided by 69.
68
Calculate the remainder when 3430 is divided by 66.
64
What is the remainder when 426 is divided by 43?
39
Calculate the remainder when 288 is divided by 75.
63
Calculate the remainder when 599 is divided by 589.
10
What is the remainder when 977 is divided by 227?
69
Calculate the remainder when 38 is divided by 16.
6
Calculate the remainder when 668 is divided by 192.
92
Calculate the remainder when 269 is divided by 70.
59
What is the remainder when 199 is divided by 62?
13
What is the remainder when 193 is divided by 49?
46
Calculate the remainder when 499 is divided by 25.
24
What is the remainder when 139 is divided by 16?
11
What is the remainder when 166 is divided by 53?
7
Calculate the remainder when 1828 is divided by 52.
8
What is the remainder when 223 is divided by 15?
13
What is the remainder when 137 is divided by 27?
2
Calculate the remainder when 61 is divided by 45.
16
Calculate the remainder when 561 is divided by 114.
105
What is the remainder when 6916 is divided by 58?
14
Calculate the remainder when 135 is divided by 47.
41
Calculate the remainder when 1283 is divided by 33.
29
What is the remainder when 195 is divided by 138?
57
Calculate the remainder when 439 is divided by 17.
14
Calculate the remainder when 174 is divided by 20.
14
Calculate the remainder when 1594 is divided by 100.
94
Calculate the remainder when 1934 is divided by 87.
20
What is the remainder when 84 is divided by 79?
5
What is the remainder when 223 is divided by 199?
24
What is the remainder when 4147 is divided by 208?
195
What is the remainder when 533 is divided by 172?
17
Calculate the remainder when 142 is divided by 26.
12
What is the remainder when 4336 is divided by 24?
16
What is the remainder when 422 is divided by 8?
6
Calculate the remainder when 1650 is divided by 20.
10
Calculate the remainder when 1099 is divided by 19.
16
Calculate the remainder when 102 is divided by 22.
14
Calculate the remainder when 708 is divided by 126.
78
Calculate the remainder when 1961 is divided by 15.
11
Calculate the remainder when 32280 is divided by 17.
14
What is the remainder when 33 is divided by 17?
16
Calculate the remainder when 755 is divided by 33.
29
What is the remainder when 397 is divided by 7?
5
Calculate the remainder when 2882 is divided by 206.
204
Calculate the remainder when 315 is divided by 110.
95
What is the remainder when 88 is divided by 35?
18
What is the remainder when 1981 is divided by 37?
20
What is the remainder when 304 is divided by 31?
25
Calculate the remainder when 16791 is divided by 160.
151
What is the remainder when 59 is divided by 10?
9
What is the remainder when 4883 is divided by 22?
21
What is the remainder when 275 is divided by 6?
5
Calculate the remainder when 216 is divided by 22.
18
Calculate the remainder when 289 is divided by 98.
93
What is the remainder when 216 is divided by 73?
70
What is the remainder when 478 is divided by 23?
18
What is the remainder when 192 is divided by 22?
16
Calculate the remainder when 71 is divided by 5.
1
What is the remainder when 383 is divided by 67?
48
What is the remainder when 128 is divided by 78?
50
Calculate the remainder when 178 is divided by 59.
1
Calculate the remainder when 71 is divided by 29.
13
What is the remainder when 1086 is divided by 329?
99
What is the remainder when 2906 is divided by 110?
46
What is the remainder when 8159 is divided by 22?
19
What is the remainder when 4270 is divided by 6?
4
What is the remainder when 258 is divided by 223?
35
What is the remainder when 46 is divided by 25?
21
Calculate the remainder when 2648 is divided by 13.
9
What is the remainder when 119 is divided by 43?
33
What is the remainder when 1759 is divided by 8?
7
Calculate the remainder when 2318 is divided by 7.
1
Calculate the remainder when 157 is divided by 106.
51
What is the remainder when 375 is divided by 16?
7
Calculate the remainder when 96 is divided by 21.
12
What is the remainder when 12119 is divided by 11?
8
Calculate the remainder when 1371 is divided by 450.
21
Calculate the remainder when 1324 is divided by 1313.
11
Calculate the remainder when 290 is divided by 54.
20
What is the remainder when 7886 is divided by 239?
238
What is the remainder when 254 is divided by 85?
84
What is the remainder when 2966 is divided by 18?
14
What is the remainder when 928 is divided by 209?
92
Calculate the remainder when 4823 is divided by 151.
142
What is the remainder when 310 is divided by 72?
22
Calculate the remainder when 47518 is divided by 19.
18
What is the remainder when 1617 is divided by 85?
2
What is the remainder when 72 is divided by 9?
0
What is the remainder when 426 is divided by 108?
102
Calculate the remainder when 466 is divided by 26.
24
What is the remainder when 107 is divided by 52?
3
What is the remainder when 356 is divided by 73?
64
Calculate the remainder when 7 is divided by 4.
3
What is the remainder when 538 is divided by 54?
52
What is the remainder when 130 is divided by 15?
10
What is the remainder when 84 is divided by 24?
12
What is the remainder when 288 is divided by 49?
43
Calculate the remainder when 812 is divided by 395.
22
What is the remainder when 126 is divided by 8?
6
What is the remainder when 783 is divided by 14?
13
Calculate the remainder when 153 is divided by 71.
11
What is the remainder when 86 is divided by 32?
22
What is the remainder when 47 is divided by 14?
5
What is the remainder when 38 is divided by 5?
3
Calculate the remainder when 297 is divided by 12.
9
Calculate the remainder when 164 is divided by 23.
3
What is the remainder when 246 is divided by 84?
78
Calculate the remainder when 169 is divided by 90.
79
Calculate the remainder when 933 is divided by 3.
0
Calculate the remainder when 219 is divided by 28.
23
Calculate the remainder when 33 is divided by 10.
3
What is the remainder when 1600 is divided by 89?
87
Calculate the remainder when 167 is divided by 14.
13
What is the remainder when 51 is divided by 4?
3
Calculate the remainder when 5 is divided by 5.
0
Calculate the remainder when 180 is divided by 102.
78
Calculate the remainder when 138 is divided by 38.
24
What is the remainder when 96 is divided by 45?
6
What is the remainder when 25 is divided by 8?
1
Calculate the remainder when 38 is divided by 11.
5
Calculate the remainder when 164 is divided by 124.
40
Calculate the remainder when 97 is divided by 35.
27
Calculate the remainder when 543 is divided by 107.
8
What is the remainder when 993 is divided by 82?
9
Calculate the remainder when 284 is divided by 49.
39
Calculate the remainder when 183 is divided by 85.
13
What is the remainder when 407